{"id":1018,"date":"2022-11-22T09:56:00","date_gmt":"2022-11-22T09:56:00","guid":{"rendered":"https:\/\/ugurluisi.com\/?post_type=product&#038;p=1018"},"modified":"2023-02-04T09:39:07","modified_gmt":"2023-02-04T09:39:07","slug":"solar-sistemler","status":"publish","type":"product","link":"https:\/\/ugurluisi.com\/index.php\/urun\/solar-sistemler\/","title":{"rendered":"Solar Sistemler"},"content":{"rendered":"<table class=\"_borderNone wpe100\" cellspacing=\"0\" cellpadding=\"0\">\n<tbody>\n<tr>\n<td>\n<div class=\"ProductDetail\">\n<table border=\"0\" width=\"407\" cellspacing=\"0\" cellpadding=\"0\">\n<tbody>\n<tr>\n<td class=\"xl67\" width=\"266\" height=\"33\">\u00c7al\u0131\u015ft\u0131rabilece\u011finiz Cihazlar<\/td>\n<td class=\"xl68\" width=\"11\"><\/td>\n<td class=\"xl69\" width=\"130\"><\/td>\n<\/tr>\n<tr>\n<td class=\"xl70\" height=\"21\">\u00a03 adet Led Amp\u00fcl (7W)<\/td>\n<td class=\"xl66\">\u00a0:<\/td>\n<td class=\"xl65\">\u00a0G\u00fcnde \u00a08 saat<\/td>\n<\/tr>\n<tr>\n<td class=\"xl70\" height=\"21\">\u00a01 adet LED TV<\/td>\n<td class=\"xl66\">\u00a0:<\/td>\n<td class=\"xl65\">\u00a0G\u00fcnde \u00a08 saat<\/td>\n<\/tr>\n<tr>\n<td class=\"xl70\" height=\"21\">\u00a01 adet Uydu Cihaz\u0131<\/td>\n<td class=\"xl66\">\u00a0:<\/td>\n<td class=\"xl65\">\u00a0G\u00fcnde \u00a08 saat<\/td>\n<\/tr>\n<tr>\n<td class=\"xl70\" height=\"21\">\u00a0Cep telefonu \u015farj\u0131<\/td>\n<td class=\"xl66\">\u00a0:<\/td>\n<td class=\"xl65\">\u00a0S\u0131n\u0131rs\u0131z<\/td>\n<\/tr>\n<tr>\n<td class=\"xl70\" height=\"21\"><\/td>\n<td class=\"xl66\"><\/td>\n<td class=\"xl65\"><\/td>\n<\/tr>\n<tr>\n<td class=\"xl67\" height=\"33\">\u00a0Paket \u0130\u00e7eri\u011fi:<\/td>\n<td class=\"xl68\"><\/td>\n<td class=\"xl69\"><\/td>\n<\/tr>\n<tr>\n<td class=\"xl70\" height=\"21\">\u00a0170W\u00a0 G\u00fcne\u015f Paneli<\/td>\n<td class=\"xl66\">\u00a0:<\/td>\n<td class=\"xl65\">\u00a01 Adet<\/td>\n<\/tr>\n<tr>\n<td class=\"xl70\" height=\"21\">\u00a065Ah Solar Jel Ak\u00fc<\/td>\n<td class=\"xl66\">\u00a0:<\/td>\n<td class=\"xl65\">\u00a01 Adet<\/td>\n<\/tr>\n<tr>\n<td class=\"xl70\" height=\"21\">\u00a0600W Modifiye Sinus Inverter<\/td>\n<td class=\"xl66\">\u00a0:<\/td>\n<td class=\"xl65\">\u00a01 Adet<\/td>\n<\/tr>\n<tr>\n<td class=\"xl70\" height=\"21\">\u00a010 Amper \u015earj Reg\u00fclat\u00f6r\u00fc<\/td>\n<td class=\"xl66\">\u00a0:<\/td>\n<td class=\"xl65\">\u00a01 Adet<\/td>\n<\/tr>\n<tr>\n<td class=\"xl71\" rowspan=\"2\" width=\"266\" height=\"42\">\u00a04mm Solar Kablo<\/p>\n<p>&nbsp;<\/p>\n<p>MC4<\/td>\n<td class=\"xl66\">:<\/td>\n<td class=\"xl65\">20 Metre<\/td>\n<\/tr>\n<tr>\n<td class=\"xl66\" height=\"21\">:<\/td>\n<td class=\"xl65\">1 Adet<\/td>\n<\/tr>\n<\/tbody>\n<\/table>\n<\/div>\n<\/td>\n<\/tr>\n<\/tbody>\n<\/table>\n","protected":false},"excerpt":{"rendered":"<p>\u00c7al\u0131\u015ft\u0131rabilece\u011finiz Cihazlar \u00a03 adet Led Amp\u00fcl (7W) \u00a0: \u00a0G\u00fcnde \u00a08 saat \u00a01 adet LED TV \u00a0: \u00a0G\u00fcnde \u00a08 saat \u00a01 adet Uydu Cihaz\u0131 \u00a0: \u00a0G\u00fcnde \u00a08<span class=\"excerpt-hellip\"> [\u2026]<\/span><\/p>\n","protected":false},"featured_media":1019,"template":"","meta":[],"product_cat":[],"product_tag":[],"class_list":["post-1018","product","type-product","status-publish","has-post-thumbnail","hentry"],"yoast_head":"<!-- This site is optimized with the Yoast SEO plugin v17.8 - https:\/\/yoast.com\/wordpress\/plugins\/seo\/ -->\n<title>Solar Sistemler - U\u011furlu Is\u0131<\/title>\n<meta name=\"description\" content=\"solar sistemler, g\u00fcne\u015f enerji panelleri,solar sulama sistemleri\" \/>\n<meta name=\"robots\" content=\"index, follow, max-snippet:-1, max-image-preview:large, max-video-preview:-1\" \/>\n<link rel=\"canonical\" href=\"https:\/\/ugurluisi.com\/index.php\/urun\/solar-sistemler\/\" \/>\n<meta property=\"og:locale\" content=\"tr_TR\" \/>\n<meta property=\"og:type\" content=\"article\" \/>\n<meta property=\"og:title\" content=\"Solar Sistemler - U\u011furlu Is\u0131\" \/>\n<meta property=\"og:description\" content=\"solar sistemler, g\u00fcne\u015f enerji panelleri,solar sulama sistemleri\" \/>\n<meta property=\"og:url\" content=\"https:\/\/ugurluisi.com\/index.php\/urun\/solar-sistemler\/\" \/>\n<meta property=\"og:site_name\" content=\"U\u011furlu Is\u0131\" \/>\n<meta property=\"article:modified_time\" content=\"2023-02-04T09:39:07+00:00\" \/>\n<meta name=\"twitter:card\" content=\"summary_large_image\" \/>\n<meta name=\"twitter:image\" content=\"https:\/\/ugurluisi.com\/wp-content\/uploads\/2022\/11\/1_min.webp\" \/>\n<meta name=\"twitter:label1\" content=\"Tahmini okuma s\u00fcresi\" \/>\n\t<meta name=\"twitter:data1\" content=\"1 dakika\" \/>\n<script type=\"application\/ld+json\" class=\"yoast-schema-graph\">{\"@context\":\"https:\/\/schema.org\",\"@graph\":[{\"@type\":\"WebSite\",\"@id\":\"https:\/\/ugurluisi.com\/#website\",\"url\":\"https:\/\/ugurluisi.com\/\",\"name\":\"U\\u011furlu Is\\u0131\",\"description\":\"Is\\u0131 Sistemleri\",\"potentialAction\":[{\"@type\":\"SearchAction\",\"target\":{\"@type\":\"EntryPoint\",\"urlTemplate\":\"https:\/\/ugurluisi.com\/?s={search_term_string}\"},\"query-input\":\"required name=search_term_string\"}],\"inLanguage\":\"tr\"},{\"@type\":\"ImageObject\",\"@id\":\"https:\/\/ugurluisi.com\/index.php\/urun\/solar-sistemler\/#primaryimage\",\"inLanguage\":\"tr\",\"url\":\"https:\/\/ugurluisi.com\/wp-content\/uploads\/2022\/11\/1_min.webp\",\"contentUrl\":\"https:\/\/ugurluisi.com\/wp-content\/uploads\/2022\/11\/1_min.webp\",\"width\":240,\"height\":240,\"caption\":\"ba\\u011fevi mini paket\"},{\"@type\":\"WebPage\",\"@id\":\"https:\/\/ugurluisi.com\/index.php\/urun\/solar-sistemler\/#webpage\",\"url\":\"https:\/\/ugurluisi.com\/index.php\/urun\/solar-sistemler\/\",\"name\":\"Solar Sistemler - U\\u011furlu Is\\u0131\",\"isPartOf\":{\"@id\":\"https:\/\/ugurluisi.com\/#website\"},\"primaryImageOfPage\":{\"@id\":\"https:\/\/ugurluisi.com\/index.php\/urun\/solar-sistemler\/#primaryimage\"},\"datePublished\":\"2022-11-22T09:56:00+00:00\",\"dateModified\":\"2023-02-04T09:39:07+00:00\",\"description\":\"solar sistemler, g\\u00fcne\\u015f enerji panelleri,solar sulama sistemleri\",\"breadcrumb\":{\"@id\":\"https:\/\/ugurluisi.com\/index.php\/urun\/solar-sistemler\/#breadcrumb\"},\"inLanguage\":\"tr\",\"potentialAction\":[{\"@type\":\"ReadAction\",\"target\":[\"https:\/\/ugurluisi.com\/index.php\/urun\/solar-sistemler\/\"]}]},{\"@type\":\"BreadcrumbList\",\"@id\":\"https:\/\/ugurluisi.com\/index.php\/urun\/solar-sistemler\/#breadcrumb\",\"itemListElement\":[{\"@type\":\"ListItem\",\"position\":1,\"name\":\"Anasayfa\",\"item\":\"https:\/\/ugurluisi.com\/\"},{\"@type\":\"ListItem\",\"position\":2,\"name\":\"\"},{\"@type\":\"ListItem\",\"position\":3,\"name\":\"Solar Sistemler\"}]}]}<\/script>\n<!-- \/ Yoast SEO plugin. -->","yoast_head_json":{"title":"Solar Sistemler - U\u011furlu Is\u0131","description":"solar sistemler, g\u00fcne\u015f enerji panelleri,solar sulama sistemleri","robots":{"index":"index","follow":"follow","max-snippet":"max-snippet:-1","max-image-preview":"max-image-preview:large","max-video-preview":"max-video-preview:-1"},"canonical":"https:\/\/ugurluisi.com\/index.php\/urun\/solar-sistemler\/","og_locale":"tr_TR","og_type":"article","og_title":"Solar Sistemler - U\u011furlu Is\u0131","og_description":"solar sistemler, g\u00fcne\u015f enerji panelleri,solar sulama sistemleri","og_url":"https:\/\/ugurluisi.com\/index.php\/urun\/solar-sistemler\/","og_site_name":"U\u011furlu Is\u0131","article_modified_time":"2023-02-04T09:39:07+00:00","twitter_card":"summary_large_image","twitter_image":"https:\/\/ugurluisi.com\/wp-content\/uploads\/2022\/11\/1_min.webp","twitter_misc":{"Tahmini okuma s\u00fcresi":"1 dakika"},"schema":{"@context":"https:\/\/schema.org","@graph":[{"@type":"WebSite","@id":"https:\/\/ugurluisi.com\/#website","url":"https:\/\/ugurluisi.com\/","name":"U\u011furlu Is\u0131","description":"Is\u0131 Sistemleri","potentialAction":[{"@type":"SearchAction","target":{"@type":"EntryPoint","urlTemplate":"https:\/\/ugurluisi.com\/?s={search_term_string}"},"query-input":"required name=search_term_string"}],"inLanguage":"tr"},{"@type":"ImageObject","@id":"https:\/\/ugurluisi.com\/index.php\/urun\/solar-sistemler\/#primaryimage","inLanguage":"tr","url":"https:\/\/ugurluisi.com\/wp-content\/uploads\/2022\/11\/1_min.webp","contentUrl":"https:\/\/ugurluisi.com\/wp-content\/uploads\/2022\/11\/1_min.webp","width":240,"height":240,"caption":"ba\u011fevi mini paket"},{"@type":"WebPage","@id":"https:\/\/ugurluisi.com\/index.php\/urun\/solar-sistemler\/#webpage","url":"https:\/\/ugurluisi.com\/index.php\/urun\/solar-sistemler\/","name":"Solar Sistemler - U\u011furlu Is\u0131","isPartOf":{"@id":"https:\/\/ugurluisi.com\/#website"},"primaryImageOfPage":{"@id":"https:\/\/ugurluisi.com\/index.php\/urun\/solar-sistemler\/#primaryimage"},"datePublished":"2022-11-22T09:56:00+00:00","dateModified":"2023-02-04T09:39:07+00:00","description":"solar sistemler, g\u00fcne\u015f enerji panelleri,solar sulama sistemleri","breadcrumb":{"@id":"https:\/\/ugurluisi.com\/index.php\/urun\/solar-sistemler\/#breadcrumb"},"inLanguage":"tr","potentialAction":[{"@type":"ReadAction","target":["https:\/\/ugurluisi.com\/index.php\/urun\/solar-sistemler\/"]}]},{"@type":"BreadcrumbList","@id":"https:\/\/ugurluisi.com\/index.php\/urun\/solar-sistemler\/#breadcrumb","itemListElement":[{"@type":"ListItem","position":1,"name":"Anasayfa","item":"https:\/\/ugurluisi.com\/"},{"@type":"ListItem","position":2,"name":""},{"@type":"ListItem","position":3,"name":"Solar Sistemler"}]}]}},"_links":{"self":[{"href":"https:\/\/ugurluisi.com\/index.php\/wp-json\/wp\/v2\/product\/1018","targetHints":{"allow":["GET"]}}],"collection":[{"href":"https:\/\/ugurluisi.com\/index.php\/wp-json\/wp\/v2\/product"}],"about":[{"href":"https:\/\/ugurluisi.com\/index.php\/wp-json\/wp\/v2\/types\/product"}],"wp:featuredmedia":[{"embeddable":true,"href":"https:\/\/ugurluisi.com\/index.php\/wp-json\/wp\/v2\/media\/1019"}],"wp:attachment":[{"href":"https:\/\/ugurluisi.com\/index.php\/wp-json\/wp\/v2\/media?parent=1018"}],"wp:term":[{"taxonomy":"product_cat","embeddable":true,"href":"https:\/\/ugurluisi.com\/index.php\/wp-json\/wp\/v2\/product_cat?post=1018"},{"taxonomy":"product_tag","embeddable":true,"href":"https:\/\/ugurluisi.com\/index.php\/wp-json\/wp\/v2\/product_tag?post=1018"}],"curies":[{"name":"wp","href":"https:\/\/api.w.org\/{rel}","templated":true}]}}